{"id":393,"date":"2025-03-04T19:02:46","date_gmt":"2025-03-04T19:02:46","guid":{"rendered":"https:\/\/ref2006.evenement.usherbrooke.ca\/?page_id=393"},"modified":"2025-07-20T22:16:59","modified_gmt":"2025-07-20T22:16:59","slug":"comites","status":"publish","type":"page","link":"https:\/\/ref2026.evenement.usherbrooke.ca\/?page_id=393","title":{"rendered":"Comit\u00e9s"},"content":{"rendered":"<style>.kb-row-layout-id393_be338b-f2 > .kt-row-column-wrap{align-content:start;}:where(.kb-row-layout-id393_be338b-f2 > .kt-row-column-wrap) > .wp-block-kadence-column{justify-content:start;}.kb-row-layout-id393_be338b-f2 > .kt-row-column-wrap{column-gap:var(--global-kb-gap-md, 2rem);row-gap:var(--global-kb-gap-md, 2rem);max-width:800px;margin-left:auto;margin-right:auto;padding-top:var(--global-kb-spacing-sm, 1.5rem);padding-bottom:var(--global-kb-spacing-sm, 1.5rem);grid-template-columns:minmax(0, 1fr);}.kb-row-layout-id393_be338b-f2 > .kt-row-layout-overlay{opacity:0.30;}@media all and (max-width: 1024px){.kb-row-layout-id393_be338b-f2 > .kt-row-column-wrap{grid-template-columns:minmax(0, 1fr);}}@media all and (max-width: 767px){.kb-row-layout-id393_be338b-f2 > .kt-row-column-wrap{grid-template-columns:minmax(0, 1fr);}}<\/style><div class=\"kb-row-layout-wrap kb-row-layout-id393_be338b-f2 alignnone wp-block-kadence-rowlayout\"><div class=\"kt-row-column-wrap kt-has-1-columns kt-row-layout-equal kt-tab-layout-inherit kt-mobile-layout-row kt-row-valign-top\">\n<style>.kadence-column393_a8dead-2e > .kt-inside-inner-col,.kadence-column393_a8dead-2e > .kt-inside-inner-col:before{border-top-left-radius:0px;border-top-right-radius:0px;border-bottom-right-radius:0px;border-bottom-left-radius:0px;}.kadence-column393_a8dead-2e > .kt-inside-inner-col{column-gap:var(--global-kb-gap-sm, 1rem);}.kadence-column393_a8dead-2e > .kt-inside-inner-col{flex-direction:column;}.kadence-column393_a8dead-2e > .kt-inside-inner-col > .aligncenter{width:100%;}.kadence-column393_a8dead-2e > .kt-inside-inner-col:before{opacity:0.3;}.kadence-column393_a8dead-2e{position:relative;}@media all and (max-width: 1024px){.kadence-column393_a8dead-2e > .kt-inside-inner-col{flex-direction:column;justify-content:center;}}@media all and (max-width: 767px){.kadence-column393_a8dead-2e > .kt-inside-inner-col{flex-direction:column;justify-content:center;}}<\/style>\n<div class=\"wp-block-kadence-column kadence-column393_a8dead-2e\"><div class=\"kt-inside-inner-col\">\n<h2 class=\"wp-block-heading\">Comit\u00e9 d&rsquo;organisation<\/h2>\n\n\n\n<ul class=\"wp-block-list\">\n<li><strong><a href=\"https:\/\/www.usherbrooke.ca\/recherche\/fr\/specialistes\/details\/adolphe.adihou\" data-type=\"link\" data-id=\"https:\/\/www.usherbrooke.ca\/recherche\/fr\/specialistes\/details\/adolphe.adihou\" target=\"_blank\" rel=\"noreferrer noopener\">Adolphe Adihou<\/a><\/strong>, D\u00e9partement d\u2019adaptation scolaire et sociale, UdeS<\/li>\n\n\n\n<li><strong><a href=\"https:\/\/www.usherbrooke.ca\/recherche\/fr\/specialistes\/details\/olivier.dezutter\" data-type=\"link\" data-id=\"https:\/\/www.usherbrooke.ca\/recherche\/fr\/specialistes\/details\/olivier.dezutter\" target=\"_blank\" rel=\"noreferrer noopener\">Olivier Dezutter<\/a><\/strong>, D\u00e9partement de p\u00e9dagogie, Udes<\/li>\n\n\n\n<li><strong><a href=\"https:\/\/www.usherbrooke.ca\/recherche\/fr\/specialistes\/details\/patricia.dionne\" data-type=\"link\" data-id=\"https:\/\/www.usherbrooke.ca\/recherche\/fr\/specialistes\/details\/patricia.dionne\" target=\"_blank\" rel=\"noreferrer noopener\">Patricia Dionne<\/a><\/strong>, D\u00e9partement d\u2019orientation professionnelle, Udes<\/li>\n\n\n\n<li><strong><a href=\"https:\/\/www.usherbrooke.ca\/recherche\/fr\/specialistes\/details\/abdelkrim.hasni\" data-type=\"link\" data-id=\"https:\/\/www.usherbrooke.ca\/recherche\/fr\/specialistes\/details\/abdelkrim.hasni\" target=\"_blank\" rel=\"noreferrer noopener\">Abdelkrim Hasni<\/a> <\/strong>(pr\u00e9sident du comit\u00e9), D\u00e9partement d\u2019enseignement pr\u00e9scolaire et primaire, UdeS<\/li>\n\n\n\n<li><strong><a href=\"https:\/\/www.usherbrooke.ca\/recherche\/fr\/specialistes\/details\/nadine.lanctot\" data-type=\"link\" data-id=\"https:\/\/www.usherbrooke.ca\/recherche\/fr\/specialistes\/details\/nadine.lanctot\" target=\"_blank\" rel=\"noreferrer noopener\">Nadine Lanct\u00f4t<\/a><\/strong> (vice-doyenne), D\u00e9partement de psycho\u00e9ducation, UdeS<\/li>\n\n\n\n<li><strong><a href=\"https:\/\/www.usherbrooke.ca\/recherche\/fr\/specialistes\/details\/sabrina.moisan\" data-type=\"link\" data-id=\"https:\/\/www.usherbrooke.ca\/recherche\/fr\/specialistes\/details\/sabrina.moisan\" target=\"_blank\" rel=\"noreferrer noopener\">Sabrina Moisan <\/a><\/strong>(copr\u00e9sidente du comit\u00e9), D\u00e9partement de p\u00e9dagogie, UdeS<\/li>\n\n\n\n<li><strong><a href=\"https:\/\/www.usherbrooke.ca\/recherche\/fr\/specialistes\/details\/francois.vandercleyen\" data-type=\"link\" data-id=\"https:\/\/www.usherbrooke.ca\/recherche\/fr\/specialistes\/details\/francois.vandercleyen\" target=\"_blank\" rel=\"noreferrer noopener\">Fran\u00e7ois Vandercleyen<\/a><\/strong>, Facult\u00e9 des sciences de l\u2019activit\u00e9 physique, UdeS<\/li>\n\n\n\n<li><strong><a href=\"https:\/\/www.usherbrooke.ca\/creas\/equipe\/etudiants\/younes-yazza\" data-type=\"link\" data-id=\"https:\/\/www.usherbrooke.ca\/creas\/equipe\/etudiants\/younes-yazza\" target=\"_blank\" rel=\"noreferrer noopener\">Younes Yazza<\/a><\/strong>, \u00e9tudiant au doctorat, Facult\u00e9 d\u2019\u00e9ducation, UdeS<\/li>\n<\/ul>\n\n\n\n<h2 class=\"wp-block-heading\">Comit\u00e9 scientifique<\/h2>\n\n\n\n<ul class=\"wp-block-list\">\n<li><strong>Adolphe Adihou<\/strong>, Universit\u00e9 de Sherbrooke<\/li>\n\n\n\n<li><strong>Jean-Louis Berger<\/strong>, Universit\u00e9 de Fribourg<\/li>\n\n\n\n<li><strong>Sephora Boucenna<\/strong>, Universit\u00e9 Namur<\/li>\n\n\n\n<li><strong>Olivier Dezutter<\/strong>, Universit\u00e9 de Sherbrooke<\/li>\n\n\n\n<li><strong>Patricia Dionne<\/strong>, Universit\u00e9 de Sherbrooke<\/li>\n\n\n\n<li><strong>Vincent Dupriez<\/strong>, Universit\u00e9 Catholique de Louvain<\/li>\n\n\n\n<li><strong>Abdelkrim Hasni<\/strong>, Universit\u00e9 de Sherbrooke<\/li>\n\n\n\n<li><strong>Nadine Lanct\u00f4t<\/strong> (vice-doyenne), D\u00e9partement de psycho\u00e9ducation, UdeS<\/li>\n\n\n\n<li><strong>Jean-Fran\u00e7ois Marcel<\/strong>, Universit\u00e9 Toulouse Jean-Jaur\u00e8s<\/li>\n\n\n\n<li><strong>Olivier Maulini<\/strong>, Universit\u00e9 de Gen\u00e8ve<\/li>\n\n\n\n<li><strong>Sabrina Moisan<\/strong>, Universit\u00e9 de Sherbrooke<\/li>\n\n\n\n<li><strong>Patrick Roy<\/strong>, HEP de Fribourg<\/li>\n\n\n\n<li><strong>Fran\u00e7ois Vandercleyen<\/strong>, Universit\u00e9 de Sherbrooke<\/li>\n<\/ul>\n\n\n\n<h2 class=\"wp-block-heading\">Comit\u00e9 de la journ\u00e9e de la rel\u00e8ve<\/h2>\n\n\n\n<ul class=\"wp-block-list\">\n<li><strong><a href=\"https:\/\/www.usherbrooke.ca\/recherche\/fr\/specialistes\/details\/adolphe.adihou\" data-type=\"link\" data-id=\"https:\/\/www.usherbrooke.ca\/recherche\/fr\/specialistes\/details\/adolphe.adihou\" target=\"_blank\" rel=\"noreferrer noopener\">Adolphe Adihou<\/a><\/strong>, D\u00e9partement d\u2019adaptation scolaire et sociale, UdeS<\/li>\n\n\n\n<li><strong><a href=\"https:\/\/www.usherbrooke.ca\/recherche\/fr\/specialistes\/details\/abdelkrim.hasni\" data-type=\"link\" data-id=\"https:\/\/www.usherbrooke.ca\/recherche\/fr\/specialistes\/details\/abdelkrim.hasni\" target=\"_blank\" rel=\"noreferrer noopener\">Abdelkrim Hasni<\/a><\/strong>, D\u00e9partement d\u2019enseignement au pr\u00e9scolaire et au primaire, UdeS<\/li>\n\n\n\n<li><strong><a href=\"https:\/\/www.usherbrooke.ca\/creas\/equipe\/etudiants\/younes-yazza\" data-type=\"link\" data-id=\"https:\/\/www.usherbrooke.ca\/creas\/equipe\/etudiants\/younes-yazza\" target=\"_blank\" rel=\"noreferrer noopener\">Younes Yazza<\/a><\/strong>, \u00e9tudiant au doctorat, Facult\u00e9 d\u2019\u00e9ducation, UdeS<\/li>\n\n\n\n<li><strong><a href=\"https:\/\/www.usherbrooke.ca\/creas\/equipe\/etudiants\/louis-gosselin\" data-type=\"link\" data-id=\"https:\/\/www.usherbrooke.ca\/creas\/equipe\/etudiants\/louis-gosselin\" target=\"_blank\" rel=\"noreferrer noopener\">Louis Gosselin<\/a><\/strong>, \u00e9tudiant au doctorat, Facult\u00e9 d\u2019\u00e9ducation, UdeS<\/li>\n\n\n\n<li><a href=\"https:\/\/crifpe.ca\/membres\/13192\" data-type=\"link\" data-id=\"https:\/\/crifpe.ca\/membres\/13192\" target=\"_blank\" rel=\"noreferrer noopener\"><strong>Aicha Taamalli<\/strong>,<\/a> \u00e9tudiante au doctorat, Facult\u00e9 d\u2019\u00e9ducation, UdeS<\/li>\n\n\n\n<li><strong>Juan Marcelo Balboa Gallardo<\/strong>, stagiaire postdoc, Facult\u00e9 d\u2019\u00e9ducation, UdeS<\/li>\n\n\n\n<li><strong><a href=\"https:\/\/certarecherche.ca\/personnes\/claudelle-lafrance\/\" data-type=\"link\" data-id=\"https:\/\/certarecherche.ca\/personnes\/claudelle-lafrance\/\" target=\"_blank\" rel=\"noreferrer noopener\">Claudelle Lafrance<\/a><\/strong>, \u00e9tudiante au doctorat, Facult\u00e9 d\u2019\u00e9ducation, UdeS<\/li>\n\n\n\n<li><strong><a href=\"https:\/\/www.usherbrooke.ca\/creas\/equipe\/etudiants\/nshimirimana-joselyne\" data-type=\"link\" data-id=\"https:\/\/www.usherbrooke.ca\/creas\/equipe\/etudiants\/nshimirimana-joselyne\" target=\"_blank\" rel=\"noreferrer noopener\">Jos\u00e9lyne Nshimirimana<\/a><\/strong>, \u00e9tudiante au doctorat, Facult\u00e9 d\u2019\u00e9ducation, UdeS<\/li>\n<\/ul>\n\n\n\n<p><br><\/p>\n\n\n\n<p><\/p>\n<\/div><\/div>\n\n<\/div><\/div>\n\n\n<p><\/p>\n","protected":false},"excerpt":{"rendered":"<p>Comit\u00e9 d&rsquo;organisation Comit\u00e9 scientifique Comit\u00e9 de la journ\u00e9e de la rel\u00e8ve<\/p>\n","protected":false},"author":1,"featured_media":0,"parent":0,"menu_order":0,"comment_status":"closed","ping_status":"closed","template":"","meta":{"_kad_post_transparent":"","_kad_post_title":"","_kad_post_layout":"","_kad_post_sidebar_id":"","_kad_post_content_style":"","_kad_post_vertical_padding":"","_kad_post_feature":"","_kad_post_feature_position":"","_kad_post_header":false,"_kad_post_footer":false,"_kad_post_classname":"","footnotes":""},"class_list":["post-393","page","type-page","status-publish","hentry"],"_links":{"self":[{"href":"https:\/\/ref2026.evenement.usherbrooke.ca\/index.php?rest_route=\/wp\/v2\/pages\/393","targetHints":{"allow":["GET"]}}],"collection":[{"href":"https:\/\/ref2026.evenement.usherbrooke.ca\/index.php?rest_route=\/wp\/v2\/pages"}],"about":[{"href":"https:\/\/ref2026.evenement.usherbrooke.ca\/index.php?rest_route=\/wp\/v2\/types\/page"}],"author":[{"embeddable":true,"href":"https:\/\/ref2026.evenement.usherbrooke.ca\/index.php?rest_route=\/wp\/v2\/users\/1"}],"replies":[{"embeddable":true,"href":"https:\/\/ref2026.evenement.usherbrooke.ca\/index.php?rest_route=%2Fwp%2Fv2%2Fcomments&post=393"}],"version-history":[{"count":13,"href":"https:\/\/ref2026.evenement.usherbrooke.ca\/index.php?rest_route=\/wp\/v2\/pages\/393\/revisions"}],"predecessor-version":[{"id":2055,"href":"https:\/\/ref2026.evenement.usherbrooke.ca\/index.php?rest_route=\/wp\/v2\/pages\/393\/revisions\/2055"}],"wp:attachment":[{"href":"https:\/\/ref2026.evenement.usherbrooke.ca\/index.php?rest_route=%2Fwp%2Fv2%2Fmedia&parent=393"}],"curies":[{"name":"wp","href":"https:\/\/api.w.org\/{rel}","templated":true}]}}