{"id":397,"date":"2025-03-04T19:03:43","date_gmt":"2025-03-04T19:03:43","guid":{"rendered":"https:\/\/ref2006.evenement.usherbrooke.ca\/?page_id=397"},"modified":"2026-04-10T15:26:29","modified_gmt":"2026-04-10T15:26:29","slug":"hebergement","status":"publish","type":"page","link":"https:\/\/ref2026.evenement.usherbrooke.ca\/?page_id=397","title":{"rendered":"H\u00e9bergement"},"content":{"rendered":"<style>.kb-row-layout-id397_a44b7e-f5 > .kt-row-column-wrap{align-content:start;}:where(.kb-row-layout-id397_a44b7e-f5 > .kt-row-column-wrap) > .wp-block-kadence-column{justify-content:start;}.kb-row-layout-id397_a44b7e-f5 > .kt-row-column-wrap{column-gap:var(--global-kb-gap-md, 2rem);row-gap:var(--global-kb-gap-md, 2rem);max-width:800px;margin-left:auto;margin-right:auto;padding-top:var(--global-kb-spacing-sm, 1.5rem);padding-bottom:var(--global-kb-spacing-sm, 1.5rem);grid-template-columns:minmax(0, 1fr);}.kb-row-layout-id397_a44b7e-f5 > .kt-row-layout-overlay{opacity:0.30;}@media all and (max-width: 1024px){.kb-row-layout-id397_a44b7e-f5 > .kt-row-column-wrap{grid-template-columns:minmax(0, 1fr);}}@media all and (max-width: 767px){.kb-row-layout-id397_a44b7e-f5 > .kt-row-column-wrap{grid-template-columns:minmax(0, 1fr);}}<\/style><div class=\"kb-row-layout-wrap kb-row-layout-id397_a44b7e-f5 alignnone wp-block-kadence-rowlayout\"><div class=\"kt-row-column-wrap kt-has-1-columns kt-row-layout-equal kt-tab-layout-inherit kt-mobile-layout-row kt-row-valign-top\">\n<style>.kadence-column397_57abe5-e0 > .kt-inside-inner-col,.kadence-column397_57abe5-e0 > .kt-inside-inner-col:before{border-top-left-radius:0px;border-top-right-radius:0px;border-bottom-right-radius:0px;border-bottom-left-radius:0px;}.kadence-column397_57abe5-e0 > .kt-inside-inner-col{column-gap:var(--global-kb-gap-sm, 1rem);}.kadence-column397_57abe5-e0 > .kt-inside-inner-col{flex-direction:column;}.kadence-column397_57abe5-e0 > .kt-inside-inner-col > .aligncenter{width:100%;}.kadence-column397_57abe5-e0 > .kt-inside-inner-col:before{opacity:0.3;}.kadence-column397_57abe5-e0{position:relative;}@media all and (max-width: 1024px){.kadence-column397_57abe5-e0 > .kt-inside-inner-col{flex-direction:column;justify-content:center;}}@media all and (max-width: 767px){.kadence-column397_57abe5-e0 > .kt-inside-inner-col{flex-direction:column;justify-content:center;}}<\/style>\n<div class=\"wp-block-kadence-column kadence-column397_57abe5-e0\"><div class=\"kt-inside-inner-col\">\n<h3 class=\"wp-block-heading\">H\u00e9bergement <\/h3>\n\n\n\n<p class=\"justifier\" style=\"margin-top:0;margin-bottom:var(--wp--preset--spacing--30)\">Pour r\u00e9server un h\u00e9bergement \u00e0 Sherbrooke, plusieurs modalit\u00e9s sont possibles (des ententes pour r\u00e9servation de groupe ont \u00e9t\u00e9 sign\u00e9es avec certains \u00e9tablissements *)&nbsp;:<br>1. Des h\u00f4tels qui sont situ\u00e9es sur le trajet du transport en commun se rendant \u00e0 l\u2019Universit\u00e9 de Sherbrooke en environ 30 minutes&nbsp;ou moins. Vous devez v\u00e9rifier pr\u00e9alablement les horaires sur le site de la <a href=\"https:\/\/can01.safelinks.protection.outlook.com\/?url=https%3A%2F%2Fwww.sts.qc.ca%2F&amp;data=05%7C02%7CYounes.Yazza%40USherbrooke.ca%7C7af01e76c72f43119c8a08ddc5601ac3%7C3a5a8744593545f99423b32c3a5de082%7C0%7C0%7C638883738766220138%7CUnknown%7CTWFpbGZsb3d8eyJFbXB0eU1hcGkiOnRydWUsIlYiOiIwLjAuMDAwMCIsIlAiOiJXaW4zMiIsIkFOIjoiTWFpbCIsIldUIjoyfQ%3D%3D%7C0%7C%7C%7C&amp;sdata=bWpDymL%2FTktOwPhCQhFEiT6GYALLtKybuxDzlY%2BPtWM%3D&amp;reserved=0\" target=\"_blank\" rel=\"noreferrer noopener\"><strong>soci\u00e9t\u00e9 de transport de Sherbrooke<\/strong><\/a><\/p>\n\n\n\n<p class=\"justifier\" style=\"margin-top:0;margin-bottom:0\">*<strong>H\u00f4tel OTL Gouverneur<\/strong> <\/p>\n\n\n\n<p class=\"justifier has-theme-palette-7-background-color has-background\" style=\"margin-top:0;margin-bottom:0;padding-top:0;padding-bottom:0\">La r\u00e9servation se fait directement sur <a href=\"https:\/\/www.otlhotelsherbrooke.ca\/\" data-type=\"link\" data-id=\"https:\/\/www.otlhotelsherbrooke.ca\/\" target=\"_blank\" rel=\"noreferrer noopener\"><strong>le site internet du OTL<\/strong><\/a> en rentrant <strong>le code de groupe<\/strong> <strong>2607RENCO<\/strong> dans \u00ab&nbsp;Num\u00e9ro de groupe&nbsp;\u00bb au lieu de code promo;<\/p>\n\n\n\n<p class=\"justifier has-theme-palette-7-background-color has-background\" style=\"margin-top:0;margin-bottom:var(--wp--preset--spacing--30);padding-top:0;padding-bottom:0\">Ou en appelant \u00e0 la centrale de r\u00e9servation au num\u00e9ro : 1-888-910-1111, tout en utilisant le m\u00eame code de groupe.<\/p>\n\n\n\n<p style=\"margin-top:var(--wp--preset--spacing--50);margin-bottom:0;padding-top:0;padding-bottom:0\">*<strong>Grand H\u00f4tel Times Sherbrooke<\/strong><\/p>\n\n\n\n<p class=\"justifier has-theme-palette-7-background-color has-background\" style=\"margin-top:0;margin-bottom:0;padding-top:0;padding-bottom:0\">La r\u00e9servation se fait par courriel \u00e0 l\u2019adresse : <a href=\"mailto:reservationsherbrooke@timeshotel.ca\"><strong>reservationsherbrooke@timeshotel.ca<\/strong><\/a> , en mentionnant <strong>le code de groupe UDS050726<\/strong>; <\/p>\n\n\n\n<p class=\"justifier has-theme-palette-7-background-color has-background\" style=\"margin-top:0;margin-bottom:var(--wp--preset--spacing--50);padding-top:0;padding-bottom:0\">Ou en appelant directement le num\u00e9ro : 1-819-575-2222, tout en utilisant le m\u00eame code de groupe.<\/p>\n\n\n\n<p style=\"margin-top:0;margin-bottom:0;padding-top:0;padding-bottom:0\"><strong>*Le Pr\u00e9sident<\/strong><\/p>\n\n\n\n<p class=\"justifier has-theme-palette-7-background-color has-background\" style=\"margin-top:0;margin-bottom:0;padding-top:0;padding-bottom:0\">La r\u00e9servation se fait directement en ligne en suivant <a href=\"https:\/\/hotel-le-president.com\/reservations\/#\/room\" data-type=\"link\" data-id=\"https:\/\/www.choicehotels.com\/reservations\/groups\/LQ89I8\" target=\"_blank\" rel=\"noreferrer noopener\"><strong>ce lien<\/strong><\/a>, tout en utilisant le <strong>code de groupe 519165<\/strong><\/p>\n\n\n\n<p style=\"margin-top:0;margin-bottom:0;padding-top:var(--wp--preset--spacing--50);padding-bottom:0\"><strong>*Comfort Inn<\/strong><\/p>\n\n\n\n<p class=\"has-theme-palette-7-background-color has-background\" style=\"margin-top:0;margin-bottom:0;padding-top:0;padding-bottom:0\">La r\u00e9servation se fait directement en suivant <a href=\"https:\/\/www.choicehotels.com\/reservations\/groups\/LQ89I8\" data-type=\"link\" data-id=\"https:\/\/www.choicehotels.com\/reservations\/groups\/LQ89I8\" target=\"_blank\" rel=\"noreferrer noopener\"><strong>ce lien<\/strong><\/a>;<\/p>\n\n\n\n<p class=\"justifier has-theme-palette-7-background-color has-background\" style=\"margin-top:0;margin-bottom:var(--wp--preset--spacing--50);padding-top:0;padding-bottom:0\">Ou en appelant directement le num\u00e9ro : 1-819-564-4400, tout en utilisant <strong>le num\u00e9ro de groupe 5149970<\/strong><\/p>\n\n\n\n<p style=\"margin-top:0;margin-bottom:0;padding-top:0;padding-bottom:0\"><a href=\"https:\/\/www.marriott.com\/fr\/hotels\/yscdr-delta-hotels-sherbrooke-conference-centre\/overview\/\" data-type=\"link\" data-id=\"https:\/\/www.marriott.com\/fr\/hotels\/yscdr-delta-hotels-sherbrooke-conference-centre\/overview\/\" target=\"_blank\" rel=\"noreferrer noopener\">H\u00f4tel Delta<\/a><\/p>\n\n\n\n<p style=\"margin-top:0;margin-bottom:0\"><a href=\"https:\/\/www.qualitysherbrooke.com\/\" data-type=\"link\" data-id=\"https:\/\/www.qualitysherbrooke.com\/\" target=\"_blank\" rel=\"noreferrer noopener\">Quality Hotel &amp; Suites<\/a><\/p>\n\n\n\n<p style=\"margin-top:0;margin-bottom:0\"><a href=\"https:\/\/www.marquisdemontcalm.ca\/\" data-type=\"link\" data-id=\"https:\/\/www.marquisdemontcalm.ca\/\" target=\"_blank\" rel=\"noreferrer noopener\">Auberge Marquis de Montcalm<\/a><\/p>\n\n\n\n<p class=\"justifier\" style=\"margin-top:0;margin-bottom:0\"><a href=\"https:\/\/lerie-jardins-de-ville.quebechotels.info\/fr\/?from=2025-06-28&amp;to=2025-06-29&amp;adults=2&amp;children=0&amp;clirder=1&amp;_1751238789235\" data-type=\"link\" data-id=\"https:\/\/lerie-jardins-de-ville.quebechotels.info\/fr\/?from=2025-06-28&amp;to=2025-06-29&amp;adults=2&amp;children=0&amp;clirder=1&amp;_1751238789235\" target=\"_blank\" rel=\"noreferrer noopener\">H\u00f4tellerie Jardins de Ville<\/a><\/p>\n\n\n\n<p class=\"justifier\" style=\"margin-top:0;margin-bottom:0\"><br>2. *<strong>Les r\u00e9sidences universitaires<\/strong> sur le campus principal de l&rsquo;Universit\u00e9 de Sherbrooke (lieu du REF)<\/p>\n\n\n\n<p class=\"justifier has-theme-palette-7-background-color has-background\" style=\"margin-top:0;margin-bottom:0;padding-top:0;padding-bottom:0\">Les personnes souhaitant r\u00e9server une chambre devront t\u00e9l\u00e9charger et compl\u00e9ter <strong><a href=\"https:\/\/ref2026.evenement.usherbrooke.ca\/wp-content\/uploads\/2025\/08\/Formulaire-de-reservation-chambre-residences-UdeS.docx\" data-type=\"link\" data-id=\"https:\/\/ref2026.evenement.usherbrooke.ca\/wp-content\/uploads\/2025\/07\/Formulaire-reservation-chambre-residence-UdeS-REF26.docx\" target=\"_blank\" rel=\"noreferrer noopener\">ce formulaire<\/a><\/strong>, puis le transmettre \u00e0\u00a0l&rsquo;adresse : <a href=\"mailto:AdmResidenceG@LeMontagnais.com\"><strong>AdmResidenceG@LeMontagnais.com<\/strong><\/a>, en mettant en cc.\u00a0: <a href=\"mailto:ref2026@USherbrooke.ca\"><strong>ref2026@USherbrooke.ca<\/strong><\/a> (<strong>les chambres disponibles pour le REF sont seulement celles indiqu\u00e9es dans le formulaire<\/strong>).<\/p>\n\n\n\n<p class=\"justifier has-theme-palette-7-background-color has-background has-small-font-size\" style=\"margin-top:0;margin-bottom:var(--wp--preset--spacing--50);padding-top:0;padding-bottom:0\">Note\u00a0: Consulter le formulaire pour les informations sur les chambres. Il est \u00e0 noter qu&rsquo;il n\u2019y a pas de services aux chambres et les espaces communs (salles de bain et cuisines) sont nettoy\u00e9s sur une base quotidienne. L&rsquo;achat des permis de\u00a0stationnement se fait via des horodateurs qui sont accessibles dans les parcs de stationnement du campus (voir <a href=\"https:\/\/www.usherbrooke.ca\/smsp\/mobilite-durable-et-stationnement\/stationnement\" data-type=\"link\" data-id=\"https:\/\/www.usherbrooke.ca\/smsp\/mobilite-durable-et-stationnement\/stationnement\">ce lien<\/a> pour plus de d\u00e9tails).<\/p>\n\n\n\n<p class=\"justifier\" style=\"margin-top:0;margin-bottom:0;padding-top:0;padding-bottom:0\">3. Autres h\u00e9bergements possibles en p\u00e9riph\u00e9rie :<\/p>\n\n\n\n<p style=\"margin-top:0;margin-bottom:0\"><a href=\"https:\/\/hotellefloral.com\/\" data-type=\"link\" data-id=\"https:\/\/hotellefloral.com\/\" target=\"_blank\" rel=\"noreferrer noopener\">H\u00f4tel Le Floral<\/a><\/p>\n\n\n\n<p style=\"margin-top:0;margin-bottom:0\"><a href=\"https:\/\/www.lamarquise.ca\/fr\/\" data-type=\"link\" data-id=\"https:\/\/www.lamarquise.ca\/fr\/\" target=\"_blank\" rel=\"noreferrer noopener\">H\u00f4tel-Motel La Marquise<\/a><\/p>\n\n\n\n<p style=\"margin-top:0;margin-bottom:0\"><a href=\"https:\/\/www.paysanne.com\/fr-ca\" data-type=\"link\" data-id=\"https:\/\/www.paysanne.com\/fr-ca\" target=\"_blank\" rel=\"noreferrer noopener\">Motel La Paysanne<\/a><\/p>\n\n\n\n<p style=\"margin-top:0;margin-bottom:0\"><a href=\"https:\/\/www.motellerefuge.com\/fr-ca\" data-type=\"link\" data-id=\"https:\/\/www.motellerefuge.com\/fr-ca\" target=\"_blank\" rel=\"noreferrer noopener\">Motel Le Refuge<\/a><\/p>\n\n\n\n<p style=\"margin-top:0;margin-bottom:0\"><a href=\"https:\/\/motel-le-sabre.quebechotels.info\/en\/\" data-type=\"link\" data-id=\"https:\/\/motel-le-sabre.quebechotels.info\/en\/\" target=\"_blank\" rel=\"noreferrer noopener\">Motel Le Sabre<\/a><\/p>\n\n\n\n<p style=\"margin-top:0;margin-bottom:0\"><a href=\"https:\/\/moteldescedres.com\/fr\/\" data-type=\"link\" data-id=\"https:\/\/moteldescedres.com\/fr\/\" target=\"_blank\" rel=\"noreferrer noopener\">Motel Des C\u00e8dres<\/a><\/p>\n\n\n\n<p style=\"margin-top:0;margin-bottom:var(--wp--preset--spacing--60)\"><a href=\"https:\/\/ile-de-garde-bb.quebechotels.info\/fr\/\" data-type=\"link\" data-id=\"https:\/\/ile-de-garde-bb.quebechotels.info\/fr\/\" target=\"_blank\" rel=\"noreferrer noopener\">\u00cele de Garde B&amp;B<\/a><\/p>\n\n\n\n<p class=\"justifier\" style=\"margin-top:0;margin-bottom:0\"><strong>Notes&nbsp;: <\/strong><\/p>\n\n\n\n<p style=\"margin-top:0;margin-bottom:0;padding-top:0;padding-bottom:0\"><strong>&#8211; les chambres des h\u00f4tels avec lesquels une entente a \u00e9t\u00e9 sign\u00e9e sont r\u00e9serv\u00e9es pour une dur\u00e9e limit\u00e9e<\/strong>.<\/p>\n\n\n\n<p style=\"margin-top:0;margin-bottom:0;padding-top:0;padding-bottom:0\">&#8211; <strong>g\u00e9n\u00e9ralement, plusieurs \u00e9v\u00e9nements sont organis\u00e9s pendant la p\u00e9riode estivale \u00e0 Sherbrooke. <\/strong><\/p>\n\n\n\n<p class=\"justifier\" style=\"margin-top:0;margin-bottom:0;padding-top:0;padding-bottom:0\"><strong>Par mesure de prudence, il est recommand\u00e9 de r\u00e9server son h\u00e9bergement d\u00e8s que possible.<\/strong><\/p>\n<\/div><\/div>\n\n<\/div><\/div>\n\n\n<p><\/p>\n\n\n\n<p><\/p>\n\n\n\n<p><\/p>\n","protected":false},"excerpt":{"rendered":"<p>H\u00e9bergement Pour r\u00e9server un h\u00e9bergement \u00e0 Sherbrooke, plusieurs modalit\u00e9s sont possibles (des ententes pour r\u00e9servation de groupe ont \u00e9t\u00e9 sign\u00e9es avec certains \u00e9tablissements *)&nbsp;:1. Des h\u00f4tels qui sont situ\u00e9es sur le trajet du transport en commun se rendant \u00e0 l\u2019Universit\u00e9 de Sherbrooke en environ 30 minutes&nbsp;ou moins. Vous devez v\u00e9rifier pr\u00e9alablement les horaires sur le&#8230;<\/p>\n","protected":false},"author":1,"featured_media":0,"parent":0,"menu_order":0,"comment_status":"closed","ping_status":"closed","template":"","meta":{"_kad_post_transparent":"","_kad_post_title":"","_kad_post_layout":"narrow","_kad_post_sidebar_id":"","_kad_post_content_style":"","_kad_post_vertical_padding":"","_kad_post_feature":"","_kad_post_feature_position":"","_kad_post_header":false,"_kad_post_footer":false,"_kad_post_classname":"","footnotes":""},"class_list":["post-397","page","type-page","status-publish","hentry"],"_links":{"self":[{"href":"https:\/\/ref2026.evenement.usherbrooke.ca\/index.php?rest_route=\/wp\/v2\/pages\/397","targetHints":{"allow":["GET"]}}],"collection":[{"href":"https:\/\/ref2026.evenement.usherbrooke.ca\/index.php?rest_route=\/wp\/v2\/pages"}],"about":[{"href":"https:\/\/ref2026.evenement.usherbrooke.ca\/index.php?rest_route=\/wp\/v2\/types\/page"}],"author":[{"embeddable":true,"href":"https:\/\/ref2026.evenement.usherbrooke.ca\/index.php?rest_route=\/wp\/v2\/users\/1"}],"replies":[{"embeddable":true,"href":"https:\/\/ref2026.evenement.usherbrooke.ca\/index.php?rest_route=%2Fwp%2Fv2%2Fcomments&post=397"}],"version-history":[{"count":107,"href":"https:\/\/ref2026.evenement.usherbrooke.ca\/index.php?rest_route=\/wp\/v2\/pages\/397\/revisions"}],"predecessor-version":[{"id":2768,"href":"https:\/\/ref2026.evenement.usherbrooke.ca\/index.php?rest_route=\/wp\/v2\/pages\/397\/revisions\/2768"}],"wp:attachment":[{"href":"https:\/\/ref2026.evenement.usherbrooke.ca\/index.php?rest_route=%2Fwp%2Fv2%2Fmedia&parent=397"}],"curies":[{"name":"wp","href":"https:\/\/api.w.org\/{rel}","templated":true}]}}